8
What is the hundred thousands digit of 243053?
2
What is the thousands digit of 86011?
6
What is the hundreds digit of 241843?
8
What is the tens digit of 216947?
4
What is the millions digit of 1636203?
1
What is the thousands digit of 712619?
2
What is the thousands digit of 313175?
3
What is the hundreds digit of 105565?
5
What is the tens digit of 865441?
4
What is the tens digit of 2612310?
1
What is the hundred thousands digit of 245581?
2
What is the ten thousands digit of 860310?
6
What is the tens digit of 223130?
3
What is the thousands digit of 4888965?
8
What is the hundred thousands digit of 660760?
6
What is the hundred thousands digit of 152509?
1
What is the units digit of 117199?
9
What is the hundreds digit of 260255?
2
What is the tens digit of 283491?
9
What is the thousands digit of 2943366?
3
What is the units digit of 223794?
4
What is the hundred thousands digit of 165799?
1
What is the hundred thousands digit of 859338?
8
What is the tens digit of 13926716?
1
What is the hundreds digit of 117341?
3
What is the hundreds digit of 192985?
9
What is the thousands digit of 229111?
9
What is the units digit of 36423987?
7
What is the hundreds digit of 9003457?
4
What is the tens digit of 2357584?
8
What is the tens digit of 55595?
9
What is the ten thousands digit of 695249?
9
What is the hundreds digit of 525644?
6
What is the tens digit of 435578?
7
What is the units digit of 51341?
1
What is the ten thousands digit of 3082776?
8
What is the units digit of 7413263?
3
What is the ten thousands digit of 346250?
4
What is the units digit of 106020?
0
What is the millions digit of 1803933?
1
What is the hundreds digit of 937750?
7
What is the units digit of 3278525?
5
What is the hundred thousands digit of 111215?
1
What is the tens digit of 2295222?
2
What is the units digit of 35055?
5
What is the hundreds digit of 1250564?
5
What is the hundred thousands digit of 2487997?
4
What is the thousands digit of 2435254?
5
What is the ten thousands digit of 314731?
1
What is the ten thousands digit of 39662?
3
What is the ten millions digit of 18069365?
1
What is the units digit of 7806380?
0
What is the hundred thousands digit of 1383326?
3
What is the tens digit of 2589580?
8
What is the millions digit of 1575716?
1
What is the units digit of 142489?
9
What is the units digit of 1431636?
6
What is the units digit of 8296065?
5
What is the units digit of 7794615?
5
What is the hundreds digit of 21743770?
7
What is the ten thousands digit of 2064026?
6
What is the ten millions digit of 13453033?
1
What is the ten thousands digit of 534688?
3
What is the millions digit of 24934603?
4
What is the thousands digit of 1499105?
9
What is the tens digit of 436886?
8
What is the hundreds digit of 2310468?
4
What is the hundred thousands digit of 3538534?
5
What is the tens digit of 71860?
6
What is the hundreds digit of 1865873?
8
What is the units digit of 22369426?
6
What is the hundred thousands digit of 127110?
1
What is the tens digit of 2540162?
6
What is the hundreds digit of 899711?
7
What is the hundreds digit of 791488?
4
What is the millions digit of 1222665?
1
What is the hundred thousands digit of 1628031?
6
What is the units digit of 681555?
5
What is the tens digit of 19726821?
2
What is the ten thousands digit of 311852?
1
What is the millions digit of 3574470?
3
What is the ten millions digit of 24580388?
2
What is the hundreds digit of 548556?
5
What is the hundred thousands digit of 712649?
7
What is the millions digit of 1300280?
1
What is the hundreds digit of 574?
5
What is the tens digit of 915093?
9
What is the hundreds digit of 6788336?
3
What is the tens digit of 8616160?
6
What is the units digit of 3533829?
9
What is the tens digit of 6504018?
1
What is the thousands digit of 1259355?
9
What is the ten thousands digit of 360916?
6
What is the millions digit of 1290368?
1
What is the hundreds digit of 685650?
6
What is the units digit of 12720649?
9
What is the hundreds digit of 375253?
2
What is the hundreds digit of 178131?
1
What is the hundreds digit of 2766502?
5
What is the hundreds digit of 404499?
4
What is the tens digit of 37615?
1
What is the tens digit of 148048?
4
What is the units digit of 1300900?
0
What is the thousands digit of 7284230?
4
What is the units digit of 125725?
5
What is the tens digit of 5493?
9
What is the thousands digit of 8541143?
1
What is the tens digit of 12086660?
6
What is the ten thousands digit of 110809?
1
What is the thousands digit of 3140397?
0
What is the millions digit of 14611613?
4
What is the hundreds digit of 18138629?
6
What is the hundreds digit of 3729358?
3
What is the thousands digit of 3522644?
2
What is the ten thousands digit of 70433?
7
What is the hundred thousands digit of 963176?
9
What is the hundred thousands digit of 799092?
7
What is the thousands digit of 5454303?
4
What is the units digit of 708669?
9
What is the hundred thousands digit of 821666?
8
What is the thousands digit of 981737?
1
What is the units digit of 925342?
2
What is the hundred thousands digit of 39037908?
0
What is the hundred thousands digit of 7027440?
0
What is the tens digit of 2104172?
7
What is the thousands digit of 4203837?
3
What is the hundreds digit of 1112980?
9
What is the units digit of 13190145?
5
What is the tens digit of 3307333?
3
What is the millions digit of 1068846?
1
What is the units digit of 70862?
2
What is the ten millions digit of 11033601?
1
What is the hundred thousands digit of 2002701?
0
What is the hundred thousands digit of 414978?
4
What is the thousands digit of 453014?
3
What is the hundred thousands digit of 1766207?
7
What is the thousands digit of 98271?
8
What is the hundreds digit of 18543208?
2
What is the ten millions digit of 17778401?
1
What is the ten thousands digit of 146039?
4
What is the ten thousands digit of 1466659?
6
What is the hundred thousands digit of 481614?
4
What is the hundreds digit of 3233284?
2
What is the thousands digit of 4235589?
5
What is the hundreds digit of 13987335?
3
What is the tens digit of 68655?
5
What is the millions digit of 27724728?
7
What is the tens digit of 41870?
7
What is the thousands digit of 40431?
0
What is the hundreds digit of 2571069?
0
What is the tens digit of 588145?
4
What is the ten thousands digit of 1058085?
5
What is the thousands digit of 214668?
4
What is the ten thousands digit of 243000?
4
What is the thousands digit of 6916351?
6
What is the units digit of 437760?
0
What is the units digit of 319677?
7
What is the thousands digit of 256690?
6
What is the thousands digit of 250786?
0
What is the thousands digit of 32639?
2
What is the ten thousands digit of 256395?
5
What is the units digit of 4471991?
1
What is the tens digit of 4779987?
8
What is the ten thousands digit of 1116947?
1
What is the ten millions digit of 29334468?
2
What is the tens digit of 134829?
2
What is the hundred thousands digit of 577945?
5
What is the thousands digit of 1454689?
4
What is the millions digit of 1589800?
1
What is the hundreds digit of 117477?
4
What is the hundred thousands digit of 408156?
4
What is the tens digit of 106903?
0
What is the hundreds digit of 2668147?
1
What is the ten millions digit of 14992654?
1
What is the tens digit of 4905615?
1
What is the millions digit of 4375400?
4
What is the thousands digit of 17893176?
3
What is the thousands digit of 1878641?
8
What is the hundred thousands digit of 191009?
1
What is the millions digit of 16271103?
6
What is the ten thousands digit of 2448246?
4
What is the hundreds digit of 31741319?
3
What is the hundreds digit of 6702542?
5
What is the units digit of 20067203?
3
What is the ten thousands digit of 17531164?
3
What is the hundreds digit of 3786432?
4
What is the units digit of 31232031?
1
What is the thousands digit of 110172?
0
What is the millions digit of 5000368?
5
What is the hundreds digit of 56478?
4
What is the units digit of 24257565?
5
What is the hundreds digit of 2768776?
7
What is the hundred thousands digit of 1142176?
1
What is the ten thousands digit of 299800?
9
What is the hundreds digit of 98636?
6
What is the hundreds digit of 611944?
9
What is the tens digit of 697774?
7
What is the tens dig